f s.
7
Let x be 43/(-4) - (-3)/(-12). What are the prime factors of (-167)/(-11) + 2/x?
3, 5
Let m be (-1)/2 - (-20)/(-8). Let c be m/2*2/(-3). List the prime factors of 4 + ((-1)/1 - c).
2
Let d(x) = x**2 - 6*x + 14. List the prime factors of d(8).
2, 3, 5
Let a = -146 + 301. What are the prime factors of a?
5, 31
Let x(s) = s**2 - 4*s - 1. Let u be x(-5). Let w = u + -14. Suppose 4*h - w = -h. List the prime factors of h.
2, 3
Suppose 2*k - 6*k = 8, -2*a = -5*k - 338. List the prime factors of a.
2, 41
Let a(c) = -c**3 - 5*c**2 - c + 6. Suppose -3*s = 4*x + 11, -23 = 5*s + 4*x - 2*x. What are the prime factors of a(s)?
11
Let j(l) = -2*l - 1. Let i be j(1). Let f be -1 + 7 - i/3. Suppose 0 = z - f. List the prime factors of z.
7
Let m(r) be the second derivative of -r**5/20 - r**4/12 + r**3/6 + 19*r**2 - r. List the prime factors of m(0).
2, 19
Suppose 2*n - 10 = -2*k, 0*n + 4*n = -3*k + 18. Suppose -l - k = 0, 2*f + 3 - 1 = -4*l. What are the prime factors of ((-30)/4)/(f/(-4))?
2, 5
Let w = -3 + 7. Suppose -w*k = -0*k. Suppose k = 5*u - 4*v - 16 - 18, 5 = u + v. What are the prime factors of u?
2, 3
Let m be (0 + (-1 - 1))*9. Let b = -13 - m. Suppose -50 = -b*k + 35. List the prime factors of k.
17
Let z(n) be the first derivative of -n**2 - n - 1. Let g be 8/(-1)*12/16. What are the prime factors of z(g)?
11
Suppose -15 = -p - 2*p. Let c = p - -7. Suppose 4*i = 2*i + c. List the prime factors of i.
2, 3
Let i = 9 + -5. Suppose j + 44 = 3*u, -2*u + i*j = -j - 12. List the prime factors of u.
2
Let v(i) = -i**2 - 9*i + 6. What are the prime factors of v(-8)?
2, 7
Let p be (12/(-20))/((-2)/(-10)). Let w = 13 + p. Let z = 16 - w. List the prime factors of z.
2, 3
Let s(g) = 8*g + 2*g**2 + g**2 - 4*g**2 + 13. Let u be -1 + (20 + 0)/2. What are the prime factors of s(u)?
2
Let h = 121 + -72. What are the prime factors of h?
7
Let c(i) = -i**2 + 11*i - 5. List the prime factors of c(10).
5
Suppose 4*x - 14 = -3*b, -5*b + 5*x = -0 - 70. What are the prime factors of b/3*(-3)/(-2)?
5
Let v(k) = -3*k**2 + 3*k. Let o be v(2). Let m(h) = -3*h - 8. Let p be m(o). Suppose q = p - 3. What are the prime factors of q?
7
Let w(t) = t**2 + 9. Let j(m) = -3*m**2 - m - 26. Let q(r) = -4*j(r) - 11*w(r). List the prime factors of q(4).
37
Let t(q) = -3*q**3 - q**2 + 1. Let n be t(-1). Suppose 0 = 4*v - n*v - 25. Suppose -4*u - 1 = -v. What are the prime factors of u?
2, 3
Let s(h) = -38*h + 3. Let l be s(-5). Suppose -l - 41 = -6*t. List the prime factors of t.
3, 13
Let z be (-2)/3*(-63)/6. Suppose -12 = -z*i + 4*i. List the prime factors of i.
2
Let k be (-4)/((-8)/10) - 0. Suppose h + k - 11 = 0. Suppose 2*j - h = 10. What are the prime factors of j?
2
Let z(k) = -3*k. Let t be z(-6). Let f = t - 11. Suppose 4*g - 3*g = f. What are the prime factors of g?
7
Let f(a) = 136*a. What are the prime factors of f(1)?
2, 17
Let n = 7 - 7. Suppose 2*i + 6 + 4 = 3*f, -3*f - 3*i + 30 = n. List the prime factors of f.
2, 3
Let m = 87 - 33. What are the prime factors of 2/4*(m + -2)?
2, 13
Let b be ((-2)/(-6))/(1/6). Suppose -b*d + 22 = 8. Suppose -3 + d = l. What are the prime factors of l?
2
Suppose 5*m = -5*s + 57 + 43, 3*m - 68 = -5*s. List the prime factors of m/14*(-7)/(-2).
2
Let c(n) = n**3 - 12*n**2 - 5*n - 2. List the prime factors of c(13).
2, 3, 17
Suppose -4 = c, -5 = h - 4*c + 2*c. Let v = -8 - h. List the prime factors of v.
5
Suppose 0*m = 4*n + m - 75, 4*m + 60 = 4*n. What are the prime factors of n?
2, 3
List the prime factors of 9/12 - 1241/(-4).
311
Suppose g + 8 = v - 3*g, -3*g - 6 = -2*v. Let m = 5 + v. What are the prime factors of m?
5
Let l = 37 - -19. List the prime factors of l.
2, 7
Let f(q) = 8*q**2 + q - 4. What are the prime factors of f(-2)?
2, 13
Let x be 10/(-4) + (-3)/6. Let w be (-24)/(x*3/6). Suppose 3*r - w = 17. List the prime factors of r.
11
Let b(n) = 2*n**2 + 3*n - 3. Let l be b(-3). Suppose 10 = 2*g, 4*x = -g + l*g - 1. List the prime factors of x.
2, 3
Let u = 752 - 526. What are the prime factors of u?
2, 113
Suppose -2*p + 7*p = 15. Suppose -48 = -p*w - 0*w. What are the prime factors of w?
2
Let q(u) = 2*u**2 - 15*u + 8. What are the prime factors of q(11)?
5, 17
Let d(q) = q**3 - 7*q**2 - q + 4. Let u be d(7). List the prime factors of (-1)/(((-3)/(-5))/u).
5
Let m(l) be the first derivative of -l**2/2 - 2. What are the prime factors of m(-10)?
2, 5
Let a = -27 - -113. What are the prime factors of a?
2, 43
Let c = -11 + 77. What are the prime factors of c?
2, 3, 11
Let c be -1 + -1 - 0/1. Let f = c + 4. Suppose -3*t + 29 = 5*w, 2*w - t = -f*t + 12. List the prime factors of w.
7
Let a = 393 + -194. List the prime factors of a.
199
Suppose 0*x - 2*i = 2*x - 46, -x - 4*i = -29. List the prime factors of x.
3, 7
Let u be (-13)/((5 - 2)/(-9)). Let f = u - 25. What are the prime factors of f?
2, 7
Let p(j) = -98*j - 2. Let f be p(-2). Suppose -5*v + f = -21. List the prime factors of v.
43
Let x be 5/(20/12) + -3. Suppose x = -4*j - n + 117 + 30, -129 = -3*j + 3*n. List the prime factors of j.
2, 19
Let s(y) = y**2 - y + 86. What are the prime factors of s(0)?
2, 43
Let n(m) = -m**2 + 2*m**2 - 3*m + 1 - 6. Let j be n(5). Suppose 0 = -j*p + p + 12. List the prime factors of p.
3
Suppose 18*a - 57 = 15*a. List the prime factors of a.
19
Suppose -17 = u - 2*u. Let i = 26 - u. List the prime factors of i.
3
Let h(s) be the third derivative of s**5/60 + s**4/6 - 3*s**3/2 - 3*s**2. List the prime factors of h(-7).
2, 3
Suppose q - 4*q + 30 = 0. Let g = q - -4. What are the prime factors of g?
2, 7
Suppose 0 = 6*t - t + 10. Let l = 0 - t. List the prime factors of (-27)/l*(-8)/12.
3
Let g be 2/10 - 9/(-5). Suppose 0 = -g*v - v. List the prime factors of 2*11 + 0 + v.
2, 11
Suppose -7 = -3*v + 2. Suppose v*n - 2*q = q + 66, -3*q - 104 = -5*n. What are the prime factors of n?
19
Let y = -25 - -15. Let l be (-54)/y + (-10)/25. List the prime factors of 4/l*10/4.
2
Suppose 2*i = -3*c + 21, -4*i = -0*i + 4*c - 40. What are the prime factors of i?
3
Let o(l) = -l**3 - 4*l**2 - 11*l - 7. Let m be o(-5). Let y = 129 - m. What are the prime factors of y?
2, 7
Suppose 2*g = -4*c + 32, 2*c + 2*c - 4*g - 20 = 0. List the prime factors of c.
7
Let n(u) = 7*u**3 + 3*u**2 - 4*u + 8. Let s(t) = 13*t**3 + 6*t**2 - 9*t + 15. Let v(y) = -11*n(y) + 6*s(y). What are the prime factors of v(-5)?
2
Let q = 55 + -29. List the prime factors of q.
2, 13
Let x(a) = -a - 1. Let r(p) = p**2 + 2*p + 9. Let s(v) = r(v) + 5*x(v). What are the prime factors of s(6)?
2, 11
Let h(g) = -5*g - 7*g - 4 + 13*g. Suppose -5*i = -i + 3*u - 18, 0 = -u - 2. List the prime factors of h(i).
2
Let q = -20 + 1. Let d = 16 + -50. Let r = q - d. List the prime factors of r.
3, 5
Suppose -5*n + 3*o + 18 = -3*n, 5*n - 68 = -4*o. List the prime factors of n.
2, 3
Let j(s) = -s**3 - 6*s**2 + 6*s - 3. Let f be j(-7). Suppose -7*c = -f*c - 36. What are the prime factors of c?
2, 3
Let s = 119 + -68. What are the prime factors of s?
3, 17
Suppose -j + 42 = 2*z, j = z - 0*z + 27. List the prime factors of j.
2
Let y(b) = 2*b**2 + 6*b + 1. Let u be y(-5). Suppose -4*n + 0*m - 3*m = -27, 0 = -2*n + m + u. List the prime factors of n.
3
List the prime factors of ((-345)/20)/(1/(-4)).
3, 23
Let h(u) = u**3 - u**2 - 1. Let s(j) = 5*j**3 - 10*j**2 - 9*j + 3. Let f(k) = 4*h(k) - s(k). What are the prime factors of f(7)?
7
Let f = 15 - 15. Suppose 4*j + 2*t - 82 = f, 2*j + 2*t - 61 = -j. List the prime factors of j.
3, 7
Suppose 0 = 3*k + 2*b - 3, 5*k - 3*b + 14 = -0*k. Let s be -3 - k/(0 - -1). List the prime factors of (-9)/(-6)*s - -11.
2
Let g(a) = a**2 + 3*a + 5. Let q = -3 + 10. Let s = q - 11. What are the prime factors of g(s)?
3
Let s = -16 + 23. Suppose 0 = 3*m - 3*l + 2*l - 17, 3*l = -2*m - s. What are the prime factors of m?
2
Suppose 2*s + s - 24 = 0. Suppose -q - s = -t, q + q + 11 = t. List the prime factors of t.
5
Let c(n) = -3*n. Let w be c(-1). Suppose -76 = -w*q - q. List the prime factors of q.
19
Let i be 177/7 - (-4)/(-14). Let v be (-5)/(-1)*10/i. List the prime factors of (-46)/(-4) + v/(-4).
11
Let t(q) = -7*q + 2. Let y(j) = 6*j - 3. Let l(h) = 5*t(h) + 6*y(h). List the prime factors of l(10).
2
Suppose 10*k = 5*k + 585. What are the prime factors of k?
3, 13
Let j(x)